 + 46 = 2*y - 96. Let j(v) = 3*v**2 - 2*v + 12. Calculate the remainder when o is divided by j(0).
10
Let s = -7 - -11. Let x(h) = 7*h**2 - h. Suppose -1 = 2*v - 3. What is the remainder when x(v) is divided by s?
2
Let f be -1 + 2/(6/(-21)). Let v = 106 - 72. Calculate the remainder when v is divided by 5/20 + (-142)/f.
16
Let n be 0 + (6/3 - 0). Let q(r) = 3*r**3 + r**2 + r + 0*r**2 + r - 1. Calculate the remainder when q(n) is divided by 11.
9
Let r(n) = 8 - 3*n**3 + 2*n**3 + 3*n**3 - 3*n**3 + 6*n + 5*n**2. What is the remainder when (-46)/(-4)*(-1 - -3) is divided by r(6)?
7
Suppose 4*q - 20 - 20 = 0. What is the remainder when 69 is divided by q?
9
Suppose 2*j = -j + 12. Suppose 4*p - 160 = -j*o, 2*o + 2*p - 4*p = 68. What is the remainder when o is divided by 20?
17
Suppose 0 = -4*z + 2*z + 154. What is the remainder when z is divided by 10?
7
Let v be (-5 - -1)*27/(-36). Suppose 0 = 2*t + 2*t + v*y - 94, -3*y = 3*t - 72. Calculate the remainder when 65 is divided by t.
21
What is the remainder when 188 is divided by 4/(-3)*456/(-16)?
36
Let g(v) = -v**2 - v + 2. Let w be g(2). Let h = 36 + -51. What is the remainder when 19 is divided by (h/w)/((-3)/(-8))?
9
Let s be 30/2*6/9. Suppose -k = -4*o + 8, -2*o + 3*k = 4*k - s. Calculate the remainder when (-3)/(-9) + 40/6 is divided by o.
1
Suppose 78 = -4*y + 2*w, 2*y + 3*y + 99 = 3*w. Let f = -10 - y. What is the remainder when f is divided by 5?
3
Let l(m) = m**3 - m**2 + m + 5. What is the remainder when l(0) is divided by 2?
1
Let c = 36 + 20. Let z = -24 + c. Calculate the remainder when z is divided by 17.
15
Let y(s) = s**3 + 7*s**2 + 7*s + 16. What is the remainder when y(-5) is divided by 0/2 - (-11)/1?
9
Let y be 2 - (-28)/(4/2). Let x be -11 - 10 - (-3 - 1). Let l = y - x. What is the remainder when l is divided by 9?
6
Suppose 4*h - h - 126 = 0. Suppose 5*u - 110 = -0. What is the remainder when h is divided by u?
20
Suppose 3*v = 43 - 10. Let d = 5 - 8. Let u = 9 + d. Calculate the remainder when v is divided by u.
5
Suppose 0 = -62*x + 69*x - 49. Calculate the remainder when 65 is divided by x.
2
Let k(l) = -3 + 4 + 3*l + l. Calculate the remainder when k(2) is divided by 4.
1
Let s(q) = 2*q. What is the remainder when 27 is divided by s(3)?
3
Let f = 55 + -25. What is the remainder when 117 is divided by f?
27
Let t(n) be the third derivative of n**6/120 - n**5/10 + n**4/3 - 7*n**3/6 + 5*n**2. What is the remainder when 31 is divided by t(5)?
7
Let a = -60 + 94. What is the remainder when (2 - (1 - -2)) + a is divided by 17?
16
Suppose -11*p = -14*p + 18. Calculate the remainder when 7 is divided by p.
1
What is the remainder when 9/(-12) + (-412)/(-16) is divided by 14?
11
Let s be (73/1)/(6/12). Suppose -j = j - s. Calculate the remainder when j is divided by 19.
16
What is the remainder when 77 is divided by (-332)/(-16) - 6*2/16?
17
Let r = -8 + 11. Suppose 0*m + 185 = 5*m - r*z, 5*z = -3*m + 77. Calculate the remainder when m is divided by 9.
7
Suppose -2*z = 2*f - 0*z - 94, 118 = 2*f - 4*z. What is the remainder when f is divided by 18?
15
Let g be 1/((-28)/(-9) + -3). Let t = 18 + g. What is the remainder when t is divided by 2/5 - (-73)/5?
12
What is the remainder when (-272)/(-10)*60/24 is divided by 35?
33
Let h(v) = v + 12. What is the remainder when 62 is divided by h(9)?
20
Let q(m) = -5*m + 15. What is the remainder when q(-8) is divided by 29?
26
Let q(f) = f**3 - 4*f**2 - 4*f - 2. Let k be q(5). Let y be 0/(-2) + 18 + 2. Let a = y + k. Calculate the remainder when a is divided by 12.
11
Let f be -4*(-1 + -7)*-2. Let d = -45 - f. Let t = 36 + 0. Calculate the remainder when t is divided by d.
17
Suppose 0 = 5*o - 5*b - 230, -4*o + 3*b = -2 - 177. Calculate the remainder when o is divided by 1/1 - 39/(-3).
13
Let b = 149 - 144. Let m(n) = -3*n. Calculate the remainder when b is divided by m(-1).
2
Suppose -2*m + m + 6 = 4*x, -2*m + 2*x + 42 = 0. What is the remainder when m is divided by 11?
7
Suppose 3*i + 2*s - 5 = -2*s, 6 = 2*i + 2*s. Calculate the remainder when 24 is divided by i.
3
Suppose 2*l - 5*l + 60 = 0. Let f = 98 + -91. Calculate the remainder when l is divided by f.
6
Let a(n) = 0*n + 0*n + 4 + n + 3. What is the remainder when 4 is divided by a(-5)?
0
Suppose 0 = -10*p + 8*p + 30. What is the remainder when p is divided by 6?
3
Let k = -19 + 28. Let c = -6 + 11. What is the remainder when k is divided by c?
4
Let a(t) = 2*t**2 - t - 10. Let p be a(0). Calculate the remainder when -1 - (0 + -26 + 0) is divided by 335/25 + 4/p.
12
Let x(o) = -o**2 - 12*o - 3. Calculate the remainder when 46 is divided by x(-11).
6
Calculate the remainder when 15 is divided by 1 - -3 - (5 - 5).
3
Let y be (-3 - 9) + 2/(-1). Let r = y - -21. What is the remainder when 19 is divided by r?
5
Let b be (-16)/(-3) + (-2)/6. Suppose -2*v - 2*v - 5*x = 45, -5*v - b = -4*x. Let j(t) = -t**2 - 8*t - 1. What is the remainder when 40 is divided by j(v)?
12
Suppose -4 + 167 = o + 3*x, -133 = -o + 3*x. Calculate the remainder when o is divided by 25.
23
Let q be (-2)/5*(-7 + 2). Let o = q - 2. Suppose a + o*a = 4*n - 73, 4*n = -4*a + 48. Calculate the remainder when n is divided by 9.
8
Suppose 0 = -4*b - 2*y + 18, y - 4*y = -9. Suppose 0 = -s - 2*i + 1, -s - 20 = -b*s + 5*i. What is the remainder when s is divided by 3?
2
Let x(j) = j**3 + 7*j**2 + j - 18. What is the remainder when 34 is divided by x(-6)?
10
Let t(u) = u**2 - u + 1. Suppose 5*v + 2 = 12. Let g be t(v). Suppose -2*a = -g*a + 2*b + 13, 3*a + b = 32. Calculate the remainder when 32 is divided by a.
10
Let o(f) = -4*f - 3. Let p be o(6). Let r = 39 + p. What is the remainder when 45 is divided by r?
9
Suppose 2*u - 22 = 4. Let j(s) = -s**2 + 5*s - 2. What is the remainder when u is divided by j(3)?
1
Let f(p) = 2*p - 25. What is the remainder when f(18) is divided by 7?
4
Let d = 22 - 30. Let t(p) = p + 16. Calculate the remainder when 23 is divided by t(d).
7
Suppose -3*d - 45 = -6*d - 5*h, -d + 4*h = 2. Let g = d - -1. Let v = -7 + 10. What is the remainder when g is divided by v?
2
Let i = 54 + 84. What is the remainder when i is divided by 20?
18
Suppose -2*i - 2*k + 83 = -i, -3*k - 145 = -2*i. Suppose 3*a - 40 = a. Calculate the remainder when i is divided by a.
17
Let z be (-2 - 2)*(-13)/4. Let o = 2 + z. What is the remainder when 29 is divided by o?
14
Let j = 300 + -283. What is the remainder when (-22)/((-4)/6 - 0) is divided by j?
16
Let i = -1 + -7. Calculate the remainder when 47 is divided by i*5/((-10)/6).
23
Suppose 0 = -3*k + 12 - 3. Let v = 6 + k. What is the remainder when v is divided by 3?
0
Calculate the remainder when ((-108)/(-10))/((-3)/(-15)) is divided by 20.
14
Let p be (-3)/2 - (-18)/(-4). Calculate the remainder when 41 is divided by (8/p)/((-10)/165).
19
Suppose -5*j = -2*x - 317 + 110, -2*j + 80 = 2*x. Suppose 10 = -3*d + 73. Calculate the remainder when j is divided by d.
20
Let y(o) = 4*o - 31. Let z be y(13). What is the remainder when z + 7 + 4/(-1) is divided by ((-1)/(-1))/(1/9)?
6
Let x = 20 - 11. Suppose 2*t - 21 - 13 = 0. Calculate the remainder when t is divided by x.
8
Let m = -41 + 158. What is the remainder when m is divided by 30?
27
Suppose 0 = -2*n - h + 1 - 0, 0 = -4*n + h + 11. Suppose -n*w = -5*w + 6. What is the remainder when (-38)/(-9) + 2/(-9) is divided by w?
0
Suppose -c + 27 = -0*c. Calculate the remainder when c is divided by 10.
7
Suppose -f + 2 = -3. Suppose -f*c - v + 197 = 0, 5*v + 1 - 11 = 0. Let x = c + -24. Calculate the remainder when 28 is divided by x.
13
Let f(u) = u**2 + 5*u - 4. Let q be f(-3). Let h(a) = a + 11. Let p be h(q). What is the remainder when 38 is divided by 4/(-10)*(p - 51)?
18
Let w(y) = 2*y - 13. What is the remainder when 91 is divided by w(16)?
15
Let h = -13 - -27. Calculate the remainder when 55 is divided by h.
13
Let g(n) = n - 5. Suppose -5*y + 19 = -11. Let q = 34 + -33. What is the remainder when g(y) is divided by q?
0
Let t = -183 + 207. What is the remainder when 115 is divided by t?
19
Let w(h) = -h**3 - 3*h + 2. Let g be w(2). Let l be g/(-8) + 10/(-4). Calculate the remainder when 17 is divided by l/2 + 19/2.
8
Suppose -4*h + 0*h = -360. Let t = h + -64. What is the remainder when t is divided by (-2)/(1*(-4)/1